 common factor of 520 and 6312850?
10
What is the highest common factor of 22666 and 29027051?
1619
Calculate the greatest common factor of 2 and 5100202.
2
What is the highest common divisor of 357 and 1464287622?
357
What is the highest common divisor of 6073648 and 732?
244
Calculate the highest common divisor of 9 and 58802859.
9
Calculate the highest common divisor of 215598420 and 1224.
612
Calculate the highest common divisor of 1659192 and 602922.
1542
What is the highest common factor of 384 and 2593392?
48
What is the greatest common factor of 108249 and 111?
3
What is the highest common divisor of 18260193 and 34?
17
What is the greatest common factor of 26 and 20855627?
13
Calculate the greatest common divisor of 84780049 and 326.
163
What is the highest common factor of 9 and 168781284?
9
Calculate the greatest common factor of 787472 and 5696.
1424
Calculate the highest common factor of 25480 and 254520.
280
What is the highest common divisor of 16240949 and 181?
181
What is the greatest common factor of 10600 and 1093496?
424
Calculate the highest common factor of 25879010 and 555535.
4055
Calculate the greatest common factor of 1221 and 302379.
33
Calculate the highest common divisor of 7847741 and 40337.
209
Calculate the greatest common divisor of 1585 and 23993096.
317
Calculate the highest common divisor of 342076 and 38570.
266
Calculate the highest common factor of 3 and 9421.
1
What is the greatest common factor of 4800160 and 3800?
760
Calculate the highest common divisor of 968406530 and 5369.
5369
Calculate the greatest common divisor of 37 and 384462634.
37
What is the greatest common factor of 84 and 16475284?
28
What is the highest common factor of 196755 and 14781?
39
What is the greatest common factor of 1525604736 and 3968?
3968
What is the highest common factor of 19186 and 44626?
106
Calculate the greatest common divisor of 105887 and 818197.
19
Calculate the greatest common factor of 165790 and 12664670.
2810
What is the greatest common factor of 7288 and 12259327?
911
Calculate the greatest common factor of 8437437 and 3.
3
Calculate the greatest common divisor of 1554535 and 32120.
365
Calculate the highest common divisor of 16 and 2524562.
2
Calculate the greatest common factor of 132 and 8323788.
132
Calculate the greatest common factor of 2058938 and 731.
17
What is the highest common factor of 490 and 69413645?
245
What is the greatest common divisor of 24 and 55906068?
12
Calculate the highest common divisor of 1564582 and 222.
74
What is the greatest common divisor of 161540673 and 274?
137
What is the greatest common divisor of 167118742 and 132575?
5303
Calculate the highest common factor of 36022 and 32333.
217
What is the highest common divisor of 1684295 and 1840015?
1145
Calculate the highest common factor of 23454 and 842.
2
Calculate the highest common factor of 66376165 and 85.
5
Calculate the highest common factor of 15 and 409249210.
5
What is the highest common divisor of 899751 and 38111?
1657
What is the highest common divisor of 2656 and 5788752?
1328
Calculate the highest common factor of 68 and 265962722.
34
Calculate the greatest common factor of 7 and 148239.
7
What is the highest common divisor of 3083383 and 1?
1
What is the highest common divisor of 8656800 and 375?
75
What is the highest common factor of 210456 and 248771?
79
What is the greatest common divisor of 226 and 92947698?
226
Calculate the highest common divisor of 11420552 and 24.
8
What is the greatest common divisor of 25782103 and 23?
23
What is the greatest common factor of 72657 and 3081?
39
Calculate the greatest common divisor of 32 and 2152273232.
16
What is the highest common factor of 5289 and 1733029?
1763
What is the greatest common divisor of 602882189 and 406?
203
What is the highest common factor of 1101629 and 9972?
277
Calculate the highest common factor of 101488 and 67597351.
6343
Calculate the highest common divisor of 52587 and 89.
1
Calculate the greatest common divisor of 31576475 and 5.
5
Calculate the highest common factor of 286309 and 4775.
191
Calculate the highest common divisor of 18 and 129034233.
9
Calculate the highest common divisor of 61064923 and 3805.
761
What is the greatest common divisor of 230275 and 1158170?
755
What is the highest common divisor of 12 and 654826188?
12
What is the greatest common factor of 602 and 7770358?
86
What is the greatest common divisor of 6886926 and 54?
18
Calculate the greatest common factor of 65431 and 823581.
59
What is the highest common factor of 56 and 29953861?
7
Calculate the highest common factor of 10287417 and 161.
161
Calculate the highest common factor of 88046 and 7329664.
662
What is the greatest common factor of 9919 and 62244?
91
What is the highest common factor of 565991 and 380?
19
What is the highest common divisor of 3655 and 1036773?
43
Calculate the highest common divisor of 6096023 and 9584.
599
Calculate the greatest common factor of 582829 and 107107.
1391
Calculate the greatest common divisor of 42 and 16848612.
6
Calculate the highest common factor of 1761 and 346053523.
587
Calculate the greatest common divisor of 1545 and 10608176.
103
What is the greatest common divisor of 1494 and 39894946?
166
Calculate the greatest common divisor of 3157003 and 2323.
23
What is the greatest common divisor of 919 and 155328461?
919
Calculate the highest common divisor of 5568 and 311312.
16
Calculate the greatest common factor of 155729140 and 35.
35
Calculate the highest common divisor of 442170 and 143820.
1530
Calculate the greatest common divisor of 5264 and 4247719.
329
What is the highest common factor of 1821778 and 238?
14
Calculate the greatest common factor of 2229255 and 55566.
1323
Calculate the highest common divisor of 774641370 and 1545.
1545
What is the highest common factor of 264 and 59774772?
12
What is the greatest common factor of 26941713 and 21?
3
What is the highest common divisor of 103 and 1487217?
103
Calculate the greatest common divisor of 3726 and 663147.
81
Calculate the highest common factor of 312098 and 12992.
58
What is the highest common factor of 29352 and 77466043?
1223
Calculate the greatest common divisor of 22821488 and 208.
16
What is the greatest common factor of 1815 and 90704625?
1815
Calculate the highest common factor of 797757 and 10323.
111
Calculate the highest common divisor of 8 and 126427776.
8
What is the greatest common divisor of 2823471 and 2037?
21
What is the highest common factor of 63 and 63193410?
63
Calculate the greatest common factor of 1512826 and 1077.
359
Calculate the greatest common factor of 3015720 and 3015.
45
Calculate the highest common divisor of 1309120 and 50752.
64
What is the highest common divisor of 100595 and 531795?
55
Calculate the highest common divisor of 706940 and 880.
20
Calculate the highest common factor of 1448447 and 253.
11
Calculate the highest common factor of 216 and 43116.
12
What is the highest common factor of 3017114 and 9140?
914
What is the greatest common factor of 1804 and 54242221?
451
Calculate the greatest common factor of 15503521 and 32923.
803
What is the highest common divisor of 83 and 10696625?
83
Calculate the highest common divisor of 327459 and 1122.
33
Calculate the highest common divisor of 4320 and 99390.
30
Calculate the highest common factor of 3 and 91494651.
3
What is the highest common factor of 21676 and 5072?
4
Calculate the highest common factor of 113632 and 5978400.
1696
Calculate the highest common factor of 8322288 and 474864.
624
Calculate the greatest common divisor of 17511 and 1285038.
1347
Calculate the greatest common divisor of 870 and 814805286.
174
What is the highest common factor of 212 and 42703902?
106
What is the greatest common factor of 12 and 145059396?
12
What is the highest common divisor of 286 and 13278109?
13
Calculate the greatest common factor of 6825 and 150657325.
2275
Calculate the greatest common divisor of 35582134 and 3430.
686
Calculate the highest common divisor of 24085539 and 27.
27
Calculate the greatest common divisor of 2162 and 76493722.
2162
Calculate the greatest common divisor of 375 and 21713375.
125
What is the greatest common factor of 3985773 and 18858